ctors of 10774.
2, 5387
List the prime factors of 1043.
7, 149
List the prime factors of 19445.
5, 3889
List the prime factors of 1265.
5, 11, 23
What are the prime factors of 745?
5, 149
List the prime factors of 29185.
5, 13, 449
List the prime factors of 485.
5, 97
What are the prime factors of 14711?
47, 313
List the prime factors of 7005.
3, 5, 467
What are the prime factors of 6970?
2, 5, 17, 41
List the prime factors of 2526.
2, 3, 421
What are the prime factors of 3281?
17, 193
List the prime factors of 4053.
3, 7, 193
List the prime factors of 2069.
2069
What are the prime factors of 25362?
2, 3, 1409
List the prime factors of 1721.
1721
What are the prime factors of 1943?
29, 67
List the prime factors of 145738.
2, 72869
List the prime factors of 13285.
5, 2657
List the prime factors of 4304.
2, 269
What are the prime factors of 6254?
2, 53, 59
What are the prime factors of 24940?
2, 5, 29, 43
List the prime factors of 842.
2, 421
List the prime factors of 42.
2, 3, 7
List the prime factors of 5919.
3, 1973
List the prime factors of 49733.
41, 1213
What are the prime factors of 1961?
37, 53
List the prime factors of 6650.
2, 5, 7, 19
What are the prime factors of 3230?
2, 5, 17, 19
List the prime factors of 6300.
2, 3, 5, 7
What are the prime factors of 26704?
2, 1669
What are the prime factors of 5683?
5683
List the prime factors of 14502.
2, 3, 2417
List the prime factors of 7468.
2, 1867
What are the prime factors of 6399?
3, 79
List the prime factors of 491.
491
List the prime factors of 8138.
2, 13, 313
What are the prime factors of 97?
97
List the prime factors of 11594.
2, 11, 17, 31
What are the prime factors of 99?
3, 11
What are the prime factors of 1005?
3, 5, 67
List the prime factors of 12200.
2, 5, 61
What are the prime factors of 1201?
1201
List the prime factors of 3642.
2, 3, 607
What are the prime factors of 37755?
3, 5, 839
What are the prime factors of 5058?
2, 3, 281
List the prime factors of 1471.
1471
What are the prime factors of 1674?
2, 3, 31
List the prime factors of 29217.
3, 9739
List the prime factors of 8693.
8693
List the prime factors of 30408.
2, 3, 7, 181
List the prime factors of 1014.
2, 3, 13
List the prime factors of 21510.
2, 3, 5, 239
What are the prime factors of 20441?
20441
What are the prime factors of 12522?
2, 3, 2087
What are the prime factors of 1663?
1663
List the prime factors of 386.
2, 193
List the prime factors of 304.
2, 19
What are the prime factors of 1997?
1997
What are the prime factors of 2968?
2, 7, 53
What are the prime factors of 29460?
2, 3, 5, 491
List the prime factors of 2785.
5, 557
What are the prime factors of 9753?
3, 3251
List the prime factors of 4433.
11, 13, 31
What are the prime factors of 123848?
2, 113, 137
What are the prime factors of 160373?
160373
List the prime factors of 9228.
2, 3, 769
What are the prime factors of 96316?
2, 11, 199
List the prime factors of 31.
31
What are the prime factors of 82073?
82073
List the prime factors of 127105.
5, 11, 2311
List the prime factors of 2362.
2, 1181
List the prime factors of 1310.
2, 5, 131
List the prime factors of 86054.
2, 17, 2531
List the prime factors of 2636.
2, 659
List the prime factors of 44010.
2, 3, 5, 163
List the prime factors of 23846.
2, 11923
What are the prime factors of 6453?
3, 239
List the prime factors of 322.
2, 7, 23
What are the prime factors of 1556?
2, 389
What are the prime factors of 3526?
2, 41, 43
What are the prime factors of 110655?
3, 5, 2459
List the prime factors of 1008.
2, 3, 7
List the prime factors of 1673.
7, 239
List the prime factors of 240.
2, 3, 5
What are the prime factors of 2232?
2, 3, 31
What are the prime factors of 106499?
281, 379
List the prime factors of 586.
2, 293
What are the prime factors of 4697?
7, 11, 61
What are the prime factors of 7712?
2, 241
What are the prime factors of 1905?
3, 5, 127
What are the prime factors of 3671?
3671
List the prime factors of 22115.
5, 4423
List the prime factors of 710.
2, 5, 71
What are the prime factors of 1856?
2, 29
What are the prime factors of 13067?
73, 179
List the prime factors of 104318.
2, 43, 1213
What are the prime factors of 10533?
3, 3511
What are the prime factors of 11042?
2, 5521
What are the prime factors of 117570?
2, 3, 5, 3919
What are the prime factors of 70548?
2, 3, 5879
What are the prime factors of 35616?
2, 3, 7, 53
What are the prime factors of 1806?
2, 3, 7, 43
What are the prime factors of 23563?
23563
What are the prime factors of 2409?
3, 11, 73
What are the prime factors of 21308?
2, 7, 761
List the prime factors of 2187.
3
What are the prime factors of 695?
5, 139
What are the prime factors of 4854?
2, 3, 809
List the prime factors of 1624.
2, 7, 29
What are the prime factors of 1510?
2, 5, 151
List the prime factors of 1432.
2, 179
What are the prime factors of 1618?
2, 809
List the prime factors of 4152.
2, 3, 173
List the prime factors of 63334.
2, 31667
What are the prime factors of 29242?
2, 14621
List the prime factors of 30416.
2, 1901
List the prime factors of 688.
2, 43
List the prime factors of 5397.
3, 7, 257
List the prime factors of 30359.
7, 4337
List the prime factors of 3475.
5, 139
What are the prime factors of 146850?
2, 3, 5, 11, 89
List the prime factors of 579.
3, 193
List the prime factors of 1374.
2, 3, 229
What are the prime factors of 87782?
2, 43891
List the prime factors of 1579.
1579
List the prime factors of 6043.
6043
What are the prime factors of 729?
3
List the prime factors of 748.
2, 11, 17
What are the prime factors of 33573?
3, 19, 31
What are the prime factors of 9485?
5, 7, 271
What are the prime factors of 51309?
3, 5701
List the prime factors of 2576.
2, 7, 23
What are the prime factors of 13087?
23, 569
List the prime factors of 625.
5
What are the prime factors of 27056?
2, 19, 89
List the prime factors of 3280.
2, 5, 41
List the prime factors of 853.
853
What are the prime factors of 1746?
2, 3, 97
List the prime factors of 4587.
3, 11, 139
What are the prime factors of 117?
3, 13
What are the prime factors of 6522?
2, 3, 1087
List the prime factors of 986.
2, 17, 29
List the prime factors of 2303.
7, 47
List the prime factors of 8828.
2, 2207
List the prime factors of 19489.
19489
List the prime factors of 10950.
2, 3, 5, 73
List the prime factors of 19333.
19333
List the prime factors of 4943.
4943
What are the prime factors of 205?
5, 41
List the prime factors of 2225.
5, 89
What are the prime factors of 25942?
2, 7, 17, 109
What are the prime factors of 2589?
3, 863
What are the prime factors of 11414?
2, 13, 439
List the prime factors of 105369.
3, 11, 31, 103
List the prime factors of 650.
2, 5, 13
What are the prime factors of 233?
233
List the prime factors of 4552.
2, 569
What are the prime factors of 18011?
7, 31, 83
List the prime factors of 18073.
11, 31, 53
List the prime factors of 392.
2, 7
List the prime factors of 1317.
3, 439
List the prime factors of 40328.
2, 71
What are the prime factors of 9191?
7, 13, 101
What are the prime factors of 20355?
3, 5, 23, 59
What are the prime factors of 1936?
2, 11
What are the prime factors of 648?
2, 3
What are the prime factors of 8094?
2, 3, 19, 71
What are the prime factors of 45042?
2, 3, 7507
What are the prime factors of 12763?
12763
List the prime factors of 5880.
2, 3, 5, 7
What are the prime factors of 80?
2, 5
List the prime factors of 1315.
5, 263
List the prime factors of 3892.
2, 7, 139
What are the prime factors of 19654?
2, 31, 317
List the prime factors of 11769.
3, 3923
What are the prime factors of 753?
3, 251
What are the prime factors of 18120?
2, 3, 5, 151
List the prime factors of 2072.
2, 7, 37
List the prime factors of 5373.
3, 199
What are the prime factors of 10068?
2, 3, 839
List the prime factors of 108635.
5, 21727
What are the prime factors of 11541?
3, 3847
What are the prime factors of 754?
2, 13, 29
List the prime factors of 66.
2, 3, 11
List the prime factors of 10787.
7, 23, 67
What are the prime factors of 13351?
13, 79
What are the prime factors of 3023?
3023
What are the prime factors of 8594?
2, 4297
List the prime factors of 10156.
2, 2539
What are the prime factors of 5064?
2, 3, 211
List the prime factors of 2564.
2, 641
What are the prim